t b be (-119 - 2)/((14/4)/7). Let n = -89 - 78. Let z = n - b. What are the prime factors of z?
3, 5
Suppose 1625 = 2*x + 5*r, -5*x = -0*x - 4*r - 4112. List the prime factors of x.
2, 5, 41
Let y(i) = i**3 - 9*i**2 - 8*i + 13. Let c = -18 - -21. Let f = c - -7. List the prime factors of y(f).
3, 11
Let j = -20 - -22. Let i be (1*j)/((-14)/35). Let a(t) = -t**2 - 12*t - 7. List the prime factors of a(i).
2, 7
Let w = -60 + 169. Let j = -45 + w. List the prime factors of j.
2
Suppose 32*h - 8312 = 7752. What are the prime factors of h?
2, 251
List the prime factors of (-14)/(-6)*(-45)/15 + 4837.
2, 3, 5, 7, 23
Suppose -2*y + 6*y + 4*b - 5232 = 0, -3900 = -3*y + 5*b. What are the prime factors of y?
3, 5, 29
Suppose 5*q - 4*o - 20258 = 0, -33*q - 4*o = -37*q + 16208. List the prime factors of q.
2, 3, 5
Let p be (-10)/8 - -1 - 78/8. What are the prime factors of (p/15)/(4/(-534))?
89
Let d = -31 + 28. Let j(k) = -2*k**3 - 2*k**2 - 4*k - 8. List the prime factors of j(d).
2, 5
Suppose j - 4 = -0*j. What are the prime factors of (-6)/j*(3 + 115/(-3))?
53
Let i = -51 - -90. Let j = -135 - -139. Suppose -4*u + q + 48 = 0, -j*u = u + 4*q - i. List the prime factors of u.
11
Let w(o) = -301*o - 1. List the prime factors of w(-1).
2, 3, 5
Suppose y - 27 = 6*r - r, 4*r + 18 = -y. List the prime factors of 3522/54 + y/(-9).
5, 13
Let y(q) = -104*q + 31. List the prime factors of y(-10).
3, 7, 17
Suppose -5*r + 9 = 4*z, 0*r + r - 4*z = -3. Let h = 5 - r. Suppose 3*t + 2*k - k = 5, -4*k - h = 0. List the prime factors of t.
2
Let j = 124 - -256. List the prime factors of j.
2, 5, 19
Let i be 124/(-2)*2/(-1). Suppose -i = -3*c + 173. Let w = c + -71. List the prime factors of w.
2, 7
Let b be (-8)/(-28) - 0 - (-4)/(-14). Suppose -2*z + u + 329 = 0, -5*u - 22 - 3 = b. List the prime factors of z.
2, 3
Suppose -4*o + 4899 = -17. What are the prime factors of o?
1229
Suppose 17*z - 27 = 8*z. Suppose -135 = -4*p + z*j + 144, -4*j = 4. List the prime factors of p.
3, 23
Suppose 16*i - 20*i + 1048 = 0. Suppose -i = -v - v. What are the prime factors of v?
131
Let v(b) = -b**2 - 7*b + 7. Let w(j) = -j**3 - 7*j**2 - 7*j - 4. Let t be w(-6). Suppose p = 6*p + t*u + 15, 4*u - 25 = p. What are the prime factors of v(p)?
17
What are the prime factors of (-1)/(2/8) - (1 + -498)?
17, 29
Suppose -5*f = -0*f - 325. Suppose -2*u = -f - 35. List the prime factors of ((-240)/u)/(2/(-20)).
2, 3
Suppose -12*s - 4350 = -15462. What are the prime factors of s?
2, 463
What are the prime factors of (0 + 1)*-73*(-4 + 0)?
2, 73
Let u be 886 + (-1 + 2)*-1. Suppose 3*r + 5*c - c - 534 = 0, 5*c - u = -5*r. Let f = -99 + r. What are the prime factors of f?
3, 5
Let x(c) = 4*c**2 + 4*c - 145. List the prime factors of x(20).
5, 307
Let u be (2 + -7)/(3/(-12)). Let d = 44 - u. List the prime factors of d.
2, 3
Suppose 66 = 2*y - 0*y. Suppose 0 = -2*x - 4*f - 28, -30 = 3*x + 4*f + 22. Let z = y + x. What are the prime factors of z?
3
Let v be (-1)/((-28)/(-10) + -3). Suppose 3*h = 5*h + r - 122, v*r = -3*h + 176. List the prime factors of h.
2, 31
Suppose -3*z - 7*z = -7430. What are the prime factors of z?
743
Suppose 2*c - 3*c = -5. Suppose h + 9 = -0*h + 4*n, 2*n - 21 = -c*h. Suppose -h*f - 9 + 81 = 0. List the prime factors of f.
2, 3
Suppose 0 = -3*a + h + 8, 2*a - 4*h = -h + 10. Let n(q) = -7 + a*q + 1 + 3 + 2. What are the prime factors of n(12)?
23
Let g = -8 - -576. What are the prime factors of g?
2, 71
What are the prime factors of ((-1 - 93)/(-2))/((-63)/(-315))?
5, 47
Let n = 47 + 701. What are the prime factors of n?
2, 11, 17
Suppose 5*r - r = 12, -2*h + 590 = 2*r. What are the prime factors of h?
2, 73
Suppose 0 = 2*i - 2*d - 128, -87 - 46 = -2*i + d. List the prime factors of i.
3, 23
Let d be ((-4)/3)/((-2)/3). What are the prime factors of (d - -4)/(3/10)?
2, 5
Let v(d) = -85*d**3 + 13*d**2 - 9*d + 28. Let p(x) = -57*x**3 + 9*x**2 - 6*x + 19. Let n(a) = 7*p(a) - 5*v(a). What are the prime factors of n(2)?
199
Let g be -14*(21/(-6) + 3). Let b(c) = c**2 - 7. Let m be b(g). List the prime factors of (-2)/(-7) - (-786)/m.
19
Suppose 3*b = -3*o + 909, 4*o + 618 = -b + 3*b. What are the prime factors of b?
5, 61
Let u = -66 - 96. Let m = -110 - u. Suppose 6*t = 2*t + m. List the prime factors of t.
13
What are the prime factors of ((-12069)/108)/(2 + (-34)/16)?
2, 3, 149
Suppose -4*v + 3*p + 62 + 78 = 0, 0 = 5*p. List the prime factors of v.
5, 7
Let t = 11 - 17. Let u(z) = 4*z + 2*z**2 + 1 + 9*z - 9*z + 0. List the prime factors of u(t).
7
Let d be 374/10 + 6/(-15). Let o = d + -13. What are the prime factors of ((-25)/3)/((-8)/o)?
5
Let a(d) = -6*d**2 - 2*d + 5*d**2 - 7*d + 20. What are the prime factors of a(-9)?
2, 5
Suppose 0 = 6*i - 3567 - 2787. What are the prime factors of i?
3, 353
Let u(s) be the third derivative of s**4/6 + s**3 - 3*s**2. List the prime factors of u(2).
2, 7
Let d = 1492 + -826. List the prime factors of d.
2, 3, 37
Let b be (-24)/20*(0 + (-760)/(-12)). Let s = b - -140. What are the prime factors of s?
2
Let x(a) = 2*a - 10. Let d be x(7). Suppose 0 = -d*q - 8, o + 4*q - 229 = -71. List the prime factors of o.
2, 83
Let i(x) = -2*x**2 + 5*x - 3. Let q be i(3). Let f = q - -6. Suppose 0 = -4*j + 2*d + 190, -2*j + 4*j + 2*d - 80 = f. What are the prime factors of j?
3, 5
Let f be (-1)/(-4) - 3/12. Let p be 4/4*(18 + f). Let i = 35 - p. What are the prime factors of i?
17
Let h(m) = 2*m**2 - 13*m - 40. Let k be h(-12). Suppose 5*f + k = 9*f. What are the prime factors of f?
101
Suppose 2*k - 26 = -4*b, k + 14 = b - k. Suppose 0 = -b*r + 6*r + 170. List the prime factors of r.
5, 17
Let s = -118 - -118. Suppose 2*p = 28 - 10. Suppose 2*g - 7 - p = s. What are the prime factors of g?
2
Let k(l) = l**3 + 5*l**2 - 6*l - 3. Let u be k(-5). Let i be 87/u + (-4)/18. Suppose -79 = -i*v - 1. List the prime factors of v.
2, 13
Suppose -1279 = -4*c - n, -c + 328 = -39*n + 42*n. What are the prime factors of c?
11, 29
Suppose -3*d + 218 = 2*d + i, -3*d = i - 132. Let s be (6/2 + (-55)/(-11))/2. Suppose s*w - x = -0*x + 81, 2*w - x = d. What are the prime factors of w?
19
Let f be (-3)/(-3*(21/(-6) - -4)). Suppose 2*u = -f*w + 232, -3*w = -2*w - 5*u - 110. What are the prime factors of w?
5, 23
Let k(y) = -y**3 - 15*y**2 + 18*y + 24. Let v be k(-16). Let u(j) = j**3 + 11*j**2 + 3*j. List the prime factors of u(v).
2, 3, 7
Suppose 2*w + 571 = s - 245, 2*w = 5*s - 4056. List the prime factors of s.
2, 3, 5
Let m(f) = -9*f**2 + 6*f + 4. Let z(u) = 26*u**2 - 18*u - 11. Let y(k) = 17*m(k) + 6*z(k). Let j be y(5). Let v = j - 25. What are the prime factors of v?
2, 11
Let d = -79 + 163. Suppose 1 + 1 = -2*m, -3*y - 3*m = 147. Let p = d + y. What are the prime factors of p?
2, 3
Let k(q) = -q**3 + 9*q**2 + 8. Let a be k(9). Suppose a*c - 907 = -323. List the prime factors of c.
73
Let p(q) = -q + 10. Let v be p(5). Let h(b) = -b - b**2 - v*b + 4 - 1. What are the prime factors of h(-5)?
2
Let r(i) = i**3 - 11*i**2 + 12*i - 2. Let v be r(10). What are the prime factors of (-9)/v*-1*146?
73
Let i be (-25)/(-9) + (-32)/(-144). Suppose 2*p = -4*k - 6, -5*p + 3*p - 3*k - 2 = 0. Suppose -p*x + i*x = -32. What are the prime factors of x?
2
Let f(i) = i**2 + 9*i + 13. Let x(l) = l**3 - 3*l**2 - 3*l + 3. Let g be x(2). Let z be f(g). What are the prime factors of (-2)/(z/((-20)/(-8)))?
5
Let m = 11 + -11. What are the prime factors of m + 50 + (-6 - -10)?
2, 3
Let t(c) = -38*c + 2. Let r be t(-1). Let s be 1/5 - (-472)/r. Suppose -7 = -h + s. List the prime factors of h.
19
Let b = -13 + -59. Let m = -44 - b. What are the prime factors of m?
2, 7
Suppose 0 = 6*b - 916 - 1196. Suppose -3*h - 259 - 97 = -4*u, -b = -4*u + 2*h. What are the prime factors of u?
2, 43
List the prime factors of (-4)/(-22) + 110732/209.
2, 5, 53
Suppose 53*a = 102*a - 18228. What are the prime factors of a?
2, 3, 31
Let x(r) = -53*r + 74. List the prime factors of x(-12).
2, 5, 71
Let n(s) = 10*s - 12. Let b be n(5). Let i = b + 14. What are the prime factors of i/(-2)*24/(-16)?
3, 13
Let n = 18 - 0. Suppose r + n = -4*d - 9, 6 = -2*d. Let t = 50 + r. List the prime factors of t.
5, 7
Let c be 2/2*(-1482)/6. Let a be c/(-3) - (-6)/(-18). Let u = -42 + a. List the prime factors of u.
2, 5
Let l(b) = 